0401
What is -421256 (base 7) in base 14?
-1c5d6
12674441 (base 8) to base 2
1010110111100100100001
Convert 11000001011101110 (base 2) to base 5.
11132204
Convert 96 (base 15) to base 7.
261
21211102011120 (base 3) to base 9
7742146
What is -33031 (base 7) in base 15?
-26a4
What is -12120002012 (base 3) in base 10?
-109409
1100011000101010 (base 2) to base 13
1a124
6b1438 (base 15) to base 11
2985900
Convert -1012103330 (base 4) to base 10.
-287996
Convert 7a9da (base 16) to base 11.
313377
What is 1164113 (base 7) in base 5?
14302133
Convert 4a07e (base 16) to base 10.
303230
Convert -a89d (base 15) to base 8.
-105562
-402003 (base 5) to base 11
-9644
What is a5a47 (base 14) in base 4?
1201220133
Convert bba339 (base 12) to base 15.
3ddcc0
What is -3421215 (base 7) in base 8?
-1476726
What is 1005672 (base 11) in base 5?
423412041
Convert -32177 (base 14) to base 3.
-20011000212
-430578 (base 11) to base 16
-a82b1
1020100120022 (base 3) to base 16
a0481
-179758 (base 14) to base 6
-25503534
What is 77b22 (base 12) in base 11?
a9397
bb9a17 (base 13) to base 14
830a57
What is 2a40a9 (base 13) in base 7?
11546453
3321133 (base 7) to base 9
682424
-8518371 (base 9) to base 7
-53516632
What is -1805303 (base 9) in base 4?
-3312001230
Convert b32888 (base 13) to base 15.
5773e4
What is -16563610 (base 7) in base 16?
-18dc18
-65657 (base 9) to base 16
-aa1d
Convert -21113433 (base 7) to base 5.
-424111232
What is 32744132 (base 8) in base 11?
3a95023
780417 (base 13) to base 2
1010110010011111001011
What is 2554342 (base 8) in base 4?
2231203202
Convert -2267599 (base 10) to base 4.
-20221213033
Convert 112315244 (base 7) to base 4.
122033101211
Convert 1211da (base 16) to base 7.
13031350
-1406812 (base 10) to base 6
-50053004
1380b0 (base 13) to base 16
73e47
What is -14ead3 (base 15) in base 10?
-1011573
Convert 225432410 (base 6) to base 13.
b382a8
1221210201120 (base 3) to base 16
fdbf9
Convert 42331031 (base 5) to base 10.
355141
Convert 324e4d (base 15) to base 6.
123205014
Convert -8412 (base 10) to base 14.
-30cc
26115644 (base 8) to base 5
2441311022
What is -13111112023 (base 4) in base 5?
-443004233
Convert 5c11c (base 13) to base 16.
29593
-3a6dd (base 14) to base 9
-238545
What is 203369 (base 10) in base 16?
31a69
2002140024 (base 5) to base 7
45342014
What is 201201102122 (base 3) in base 11?
245687
What is -2383 (base 11) in base 6?
-22232
Convert -1100001100001111000110 (base 2) to base 4.
-30030033012
a99de (base 16) to base 5
134213000
Convert 101000001000110010 (base 2) to base 6.
3305042
Convert 118b95 (base 14) to base 4.
2102212133
What is -8595 (base 14) in base 12?
-1141b
-11433010 (base 6) to base 11
-228178
569d6 (base 14) to base 16
33640
100220002 (base 3) to base 8
16053
40ab (base 16) to base 13
76c6
-3a046 (base 14) to base 8
-426636
What is -15162251 (base 7) in base 9?
-2640485
Convert -2434521 (base 7) to base 6.
-10401253
Convert 42214120 (base 5) to base 9.
584627
What is -ac15c1 (base 13) in base 16?
-3deeed
Convert -cd9b (base 16) to base 5.
-3141020
Convert 1101110111010111111111 (base 2) to base 5.
1412302222
320805 (base 9) to base 8
564712
What is -21101110211 (base 3) in base 8?
-434011
-64223 (base 10) to base 8
-175337
Convert -23240111 (base 6) to base 13.
-1c3003
-16843b (base 13) to base 7
-4524312
-2212210220 (base 3) to base 9
-85726
6b736 (base 16) to base 10
440118
Convert -12021101021 (base 3) to base 8.
-312563
What is -13103113121 (base 4) in base 8?
-7232731
What is 7193c (base 16) in base 12?
1a5278
Convert -46973 (base 12) to base 7.
-543036
What is -212221041 (base 5) in base 9?
-1618168
What is -1120340410 (base 5) in base 2?
-1001100101010001101100
What is -60521 (base 7) in base 14?
-54b8
Convert 120100020211 (base 3) to base 8.
1115646
What is -3012332330 (base 5) in base 15?
-7d1e45
Convert 1234522 (base 8) to base 9.
571553
What is -330221300 (base 4) in base 9?
-417705
166210 (base 7) to base 5
2032001
14ab6 (base 13) to base 15
b928
-367794 (base 10) to base 4
-1121302302
What is -303436 (base 8) in base 11?
-69254
Convert 33464014 (base 8) to base 7.
115334014
Convert 1079100 (base 11) to base 8.
7143704
774129 (base 10) to base 16
bcff1
What is 4984851 (base 10) in base 13?
1056c21
Convert -132549 (base 13) to base 3.
-212111010100
Convert 147c01 (base 15) to base 6.
33103001
Convert 2b52c0 (base 13) to base 9.
2007308
What is -212321110 (base 4) in base 7?
-1232323
Convert -111120011210 (base 3) to base 7.
-2161155
Convert -1101101001110010011 (base 2) to base 6.
-13331111
What is 212001101011 (base 3) in base 9?
761334
Convert 3a3028 (base 13) to base 16.
1574a2
What is 3660007 (base 8) in base 14?
1c32d1
Convert eb0a (base 16) to base 10.
60170
10003203121 (base 4) to base 10
1063129
What is 184bc8 (base 14) in base 6?
30222204
What is 996b7 (base 12) in base 3?
101022201011
What is 63694c (base 15) in base 9?
8808880
What is 10402130133 (base 5) in base 9?
23341041
Convert 793636 (base 12) to base 2.
111011000010011001010
What is 1203132333 (base 4) in base 7?
3315003
What is -553606 (base 7) in base 8?
-276131
-96581 (base 12) to base 14
-52133
Convert 130042031 (base 5) to base 12.
26335a
786462 (base 10) to base 4
3000000132
What is -eb20c (base 15) in base 9?
-1356703
Convert -7b79d (base 16) to base 8.
-1733635
-1000101010010011 (base 2) to base 7
-205266
Convert -21010120200210 (base 3) to base 13.
-a2945c
-2713164 (base 10) to base 3
-12002211202120
211323232 (base 4) to base 11
a680a
What is 787957 (base 10) in base 3?
1111000212121
Convert 121110101023 (base 4) to base 11.
3823210
-2829a7 (base 11) to base 6
-13255214
Convert 55bad (base 16) to base 4.
1111232231
Convert -3d56b9 (base 14) to base 7.
-24041622
Convert -2ccba0 (base 16) to base 11.
-172570a
Convert -49018 (base 10) to base 16.
-bf7a
Convert 12022122011 (base 3) to base 2.
11001100100000110
73330 (base 10) to base 6
1323254
Convert 36b259 (base 12) to base 16.
d95a5
Convert -1745 (base 16) to base 8.
-13505
2614513 (base 7) to base 5
41341133
206597 (base 13) to base 8
2706001
23412142 (base 5) to base 10
216547
What is 221112111022 (base 3) in base 16?
7ab70
What is 10137 (base 9) in base 14?
260c
What is 48d53 (base 15) in base 4?
320300313
-22054316 (base 7) to base 8
-7166761
Convert -3331524 (base 6) to base 16.
-28eac
What is -94027 (base 16) in base 4?
-2110000213
Convert 107440 (base 10) to base 3.
12110101021
2612060 (base 7) to base 13
bb568
-4123143 (base 7) to base 2
-1111000011100000010
Convert 1156150 (base 10) to base 5.
243444100
-128565 (base 12) to base 9
-514245
What is 4150 (base 13) in base 7?
35206
745321 (base 9) to base 2
1101100010001100110
Convert 15166f (base 16) to base 2.
101010001011001101111
What is -2321012003 (base 4) in base 12?
-3068ab
Convert -2ec4b (base 16) to base 2.
-101110110001001011
295c5 (base 16) to base 14
45a4d
Convert 101101111111110101110 (base 2) to base 7.
15545206
-201a9a6 (base 14) to base 6
-1300115354
What is -1010101011011110001011 (base 2) in base 13?
-770311
What is -a0659 (base 16) in base 15?
-ce9e0
What is -1120002121 (base 3) in base 7?
-155320
What is -68256 (base 12) in base 11?
-95145
-2417294 (base 10) to base 14
-46cd1c
-11738801 (base 9) to base 7
-66623161
What is -105702 (base 11) in base 9?
-276183
Convert -17e792 (base 16) to base 2.
-101111110011110010010
1d81393 (base 14) to base 6
1245522501
What is -1001101001010100110111 (base 2) in base 11?
-1477828
-9feae7 (base 16) to base 3
-201201110100110
Convert 63496 (base 14) to base 4.
322200130
Convert -4023230 (base 6) to base 13.
-685cb
1010101101010011110010 (base 2) to base 7
32600515
What is 324241 (base 8) in base 6?
2155133
20002100210 (base 3) to base 9
202323
320363 (base 7) to base 12
2809b
-1c76a (base 13) to base 12
-28630
ed45bd (base 15) to base 10
11304178
What is -5904c (base 13) in base 11?
-101217
10011011000111110111 (base 2) to base 12
267847
-133012 (base 5) to base 9
-7340
Convert -4453525 (base 8) to base 13.
-33115c
Convert -22021212 (base 4) to base 10.
-41574
What is -69753 (base 12) in base 4?
-202123233
What is -144156 (base 15) in base 3?
-1211120101100
What is -1414335233 (base 6) in base 9?
-35473843
Convert -a1696 (base 11) to base 5.
-14223242
Wh